visor of 63 and 17451?
63
Calculate the greatest common factor of 16 and 292.
4
Calculate the highest common factor of 22140 and 72.
36
Calculate the greatest common divisor of 13 and 689.
13
What is the highest common factor of 791 and 63?
7
What is the greatest common factor of 324 and 117?
9
Calculate the greatest common divisor of 4584 and 955.
191
Calculate the highest common factor of 26 and 377.
13
What is the highest common divisor of 248 and 31?
31
Calculate the highest common divisor of 70 and 280.
70
Calculate the highest common factor of 6952 and 79.
79
What is the highest common factor of 40 and 25?
5
Calculate the greatest common factor of 621 and 69.
69
Calculate the highest common factor of 611 and 47.
47
What is the highest common divisor of 12 and 1004?
4
What is the greatest common factor of 99 and 209?
11
What is the greatest common factor of 26 and 39?
13
Calculate the greatest common divisor of 16 and 84.
4
What is the highest common divisor of 4012 and 51?
17
What is the highest common divisor of 140 and 126?
14
Calculate the highest common factor of 159 and 53.
53
What is the highest common factor of 196 and 224?
28
What is the greatest common divisor of 259 and 37?
37
What is the greatest common divisor of 20 and 825?
5
Calculate the highest common factor of 48 and 156.
12
Calculate the highest common factor of 46 and 782.
46
Calculate the highest common factor of 387 and 86.
43
What is the highest common divisor of 3620 and 20?
20
Calculate the highest common factor of 6404 and 16.
4
What is the greatest common factor of 4 and 272?
4
Calculate the highest common factor of 144 and 80.
16
Calculate the highest common divisor of 2032 and 127.
127
Calculate the greatest common divisor of 56 and 1610.
14
What is the greatest common divisor of 174 and 5133?
87
Calculate the greatest common divisor of 210 and 5075.
35
What is the greatest common divisor of 470 and 282?
94
What is the highest common factor of 4 and 164?
4
What is the greatest common factor of 3064 and 8?
8
What is the greatest common divisor of 392 and 16?
8
Calculate the greatest common divisor of 117 and 104.
13
Calculate the greatest common divisor of 1404 and 648.
108
What is the greatest common factor of 1834 and 21?
7
Calculate the greatest common divisor of 322 and 28.
14
What is the highest common factor of 154 and 23639?
77
Calculate the highest common factor of 230 and 184.
46
What is the greatest common divisor of 376 and 28858?
94
Calculate the greatest common divisor of 35 and 6835.
5
What is the highest common divisor of 104 and 16?
8
Calculate the highest common factor of 60 and 5910.
30
Calculate the highest common divisor of 73 and 1.
1
What is the highest common factor of 2 and 224?
2
Calculate the highest common factor of 70 and 315.
35
Calculate the greatest common factor of 424 and 371.
53
Calculate the greatest common factor of 888 and 370.
74
What is the greatest common divisor of 230 and 70?
10
What is the greatest common divisor of 49 and 35?
7
Calculate the greatest common divisor of 33 and 341.
11
Calculate the highest common factor of 25 and 62150.
25
What is the highest common divisor of 2 and 34?
2
What is the highest common factor of 72 and 1176?
24
Calculate the highest common divisor of 212 and 2597.
53
What is the highest common factor of 3933 and 115?
23
What is the highest common factor of 1515 and 270?
15
Calculate the highest common divisor of 13946 and 114.
38
What is the highest common factor of 44 and 649?
11
What is the greatest common divisor of 17952 and 204?
204
Calculate the highest common divisor of 462 and 441.
21
Calculate the greatest common divisor of 14364 and 147.
21
What is the highest common factor of 296 and 8?
8
Calculate the highest common divisor of 162 and 1323.
27
What is the highest common factor of 531 and 177?
177
Calculate the highest common divisor of 5494 and 268.
134
Calculate the greatest common divisor of 162 and 3267.
27
Calculate the greatest common factor of 67 and 67.
67
What is the greatest common factor of 1107 and 27?
27
Calculate the greatest common factor of 36 and 2196.
36
What is the highest common divisor of 52 and 1586?
26
What is the greatest common factor of 2030 and 840?
70
Calculate the greatest common divisor of 124 and 4960.
124
Calculate the highest common factor of 234 and 12.
6
What is the greatest common divisor of 90 and 162?
18
Calculate the greatest common divisor of 2315 and 5.
5
What is the highest common divisor of 462 and 44968?
154
Calculate the greatest common divisor of 671 and 1403.
61
Calculate the highest common factor of 232 and 203.
29
What is the highest common divisor of 12 and 516?
12
Calculate the greatest common divisor of 330 and 30.
30
What is the greatest common factor of 1652 and 28?
28
Calculate the highest common factor of 102 and 34.
34
What is the highest common divisor of 5 and 236?
1
What is the highest common divisor of 4 and 64?
4
Calculate the greatest common factor of 4424 and 158.
158
Calculate the greatest common divisor of 928 and 16.
16
Calculate the highest common factor of 4048 and 1672.
88
Calculate the greatest common factor of 252 and 378.
126
What is the greatest common divisor of 9 and 225?
9
What is the highest common factor of 1625 and 195?
65
Calculate the highest common divisor of 8298 and 18.
18
What is the greatest common factor of 84 and 300?
12
Calculate the greatest common divisor of 299 and 69.
23
Calculate the highest common divisor of 172 and 387.
43
What is the greatest common factor of 5963 and 268?
67
What is the highest common factor of 1730 and 8?
2
What is the greatest common divisor of 208 and 871?
13
What is the highest common divisor of 39 and 10062?
39
Calculate the highest common divisor of 300 and 200.
100
Calculate the greatest common factor of 70 and 686.
14
What is the greatest common divisor of 288 and 324?
36
What is the greatest common divisor of 6270 and 30?
30
Calculate the highest common divisor of 15224 and 32.
8
What is the highest common factor of 35 and 3080?
35
Calculate the greatest common factor of 705 and 15.
15
Calculate the greatest common divisor of 1023 and 713.
31
What is the highest common factor of 156 and 4316?
52
What is the highest common factor of 15 and 240?
15
What is the greatest common divisor of 2 and 36?
2
What is the greatest common divisor of 5936 and 112?
112
Calculate the greatest common divisor of 48 and 512.
16
What is the highest common divisor of 960 and 896?
64
Calculate the greatest common divisor of 77056 and 28.
28
Calculate the highest common divisor of 880 and 1040.
80
What is the greatest common factor of 2440 and 30?
10
Calculate the greatest common divisor of 61 and 25.
1
Calculate the greatest common divisor of 1000 and 120.
40
What is the greatest common divisor of 6 and 66?
6
Calculate the greatest common divisor of 1890 and 70.
70
What is the greatest common factor of 861 and 82?
41
What is the greatest common factor of 12 and 16?
4
What is the greatest common factor of 54 and 138?
6
What is the highest common divisor of 8 and 6?
2
What is the greatest common divisor of 23 and 1817?
23
What is the greatest common divisor of 680 and 51?
17
What is the highest common factor of 1900 and 25?
25
Calculate the highest common factor of 160 and 208.
16
What is the greatest common divisor of 4 and 7?
1
Calculate the greatest common factor of 28 and 602.
14
What is the greatest common divisor of 144 and 18?
18
What is the greatest common divisor of 91 and 21?
7
Calculate the greatest common divisor of 234 and 936.
234
What is the greatest common divisor of 791 and 21?
7
What is the highest common divisor of 12 and 2550?
6
Calculate the highest common factor of 28 and 56.
28
What is the highest common divisor of 450 and 36?
18
Calculate the greatest common divisor of 68 and 11934.
34
Calculate the greatest common factor of 26855 and 262.
131
Calculate the highest common divisor of 9 and 51.
3
Calculate the highest common divisor of 36 and 1476.
36
Calculate the greatest common factor of 14307 and 285.
57
What is the greatest common factor of 3300 and 210?
30
Calculate the highest common divisor of 365 and 150.
5
What is the greatest common factor of 46